)?
21
Let b(v) = -3*v**2 - 7*v - 12. What is b(-4)?
-32
Let o(v) = -v**2 - v - 37. Calculate o(0).
-37
Let a(o) = 5*o + 30. Calculate a(7).
65
Let h(j) = -j**2 + 3*j - 9. Calculate h(8).
-49
Let l(k) = -k**3 - 8*k**2 + 8*k - 8. Give l(-9).
1
Let h(u) = -u**3 - 6*u**2 - 3*u - 6. What is h(-6)?
12
Let o(w) = -w**3 + 5*w**2 + 6*w - 2. What is o(6)?
-2
Let p(m) = -m**3 + 10*m**2 - 6. Calculate p(10).
-6
Let m(j) = j**3 + 35*j**2 - 73*j + 53. Determine m(-37).
16
Let c(r) = 3*r - 13. What is c(8)?
11
Let o(z) = 23*z + 107. Give o(-5).
-8
Let t(j) = -5*j + 2. Calculate t(-1).
7
Let j(t) = t**3 + 12*t**2 - 27*t + 1. Give j(-14).
-13
Let j(u) = u**2 + 11*u + 10. Determine j(-10).
0
Let p(j) = -2*j**3 - 5*j**2 + 7*j + 22. Determine p(-2).
4
Let x(t) = 10*t + 4. Give x(-2).
-16
Let j(s) = 2*s**3 + 3*s**2 + 7*s + 14. Calculate j(-2).
-4
Let g(s) = 9*s + 23. Give g(-7).
-40
Let i(x) = -x**2 + 16*x + 11. What is i(17)?
-6
Let o(t) = -t**2 - t - 2. What is o(3)?
-14
Let o(t) = -t**3 + 17*t**2 + 19*t - 22. Calculate o(18).
-4
Let w(r) = r**3 - r**2 + r - 3. Give w(0).
-3
Let u(c) = 7*c**2 + c - 8. Determine u(3).
58
Let j(t) = t + 12. Determine j(-6).
6
Let h(k) = 8*k - 44. Determine h(8).
20
Let g(f) = f**2 - 2*f - 3. Determine g(-11).
140
Let u(p) = p + 12. What is u(-22)?
-10
Let u(d) = 11*d - 5. Give u(2).
17
Let b(f) = -f. Determine b(-1).
1
Let f(p) = 2*p - 1. What is f(-5)?
-11
Let i(y) = -2*y**3 + 15*y**2 + 6*y. Determine i(8).
-16
Let g(y) = -5*y - 22. What is g(-7)?
13
Let k(t) = -10*t + 123. Calculate k(13).
-7
Let b(m) = -m**2 - 8*m + 23. Give b(-10).
3
Let b(f) = -35*f + 283. Determine b(8).
3
Let v(h) = 4*h**2 - 2*h + 3. Determine v(1).
5
Let s(h) = -4*h**2 + 80*h - 6. Calculate s(20).
-6
Let d(n) = -n**3 - 11*n**2 - 9*n - 1. What is d(-10)?
-11
Let o(a) = -a**3 - 6*a**2 + 11*a + 26. Calculate o(-7).
-2
Let r(b) = -b**3 - 9*b**2 + 2*b + 8. Give r(-9).
-10
Let b(t) = 9*t**2 + 2*t + 1. Determine b(-3).
76
Let q(y) = -8*y + 25. What is q(5)?
-15
Let j(y) = 7*y - 109. Calculate j(16).
3
Let r(j) = -j**2 + 16*j - 37. Calculate r(13).
2
Let u(c) = c**2 + 11*c - 6. Calculate u(-10).
-16
Let z(t) = -t - 81. Calculate z(-10).
-71
Let y(x) = -x**2 - 13*x - 25. Determine y(-10).
5
Let g(t) = -t + 22. What is g(15)?
7
Let k(n) = n**3 + 6*n**2 - 2*n - 3. Give k(-6).
9
Let o(q) = 11*q + 18. Determine o(2).
40
Let r(i) = 3*i - 103. What is r(28)?
-19
Let t(h) = -8*h**2 - h - 2. Give t(3).
-77
Let x(v) = -v**3 - 4*v**2 - 6*v - 3. Determine x(-4).
21
Let d(c) = c**2 - 21*c + 36. Give d(19).
-2
Let c(r) = -r**2 - 7*r + 5. Determine c(-9).
-13
Let s(i) = -i**3 + 8*i**2 + 8*i + 5. Calculate s(9).
-4
Let s(y) = y**3 - 5*y**2 - 12*y + 12. Calculate s(5).
-48
Let p(t) = -18*t**2 - 54*t + 5. Calculate p(-3).
5
Let w(h) = -h**3 - 5*h**2 - 5*h - 20. Give w(-4).
-16
Let l(x) = -x**2 - 11*x + 4. Calculate l(-8).
28
Let t(j) = -2*j**2 - 8*j - 14. Determine t(-7).
-56
Let r(k) = -87*k**2 - 2*k - 1. Calculate r(-1).
-86
Let k(y) = -19*y + 37. Calculate k(6).
-77
Let c(a) = -4*a**2 + 7*a + 26. What is c(-3)?
-31
Let p(u) = -8*u + 14. Determine p(3).
-10
Let j(l) = 4*l**2 + l - 6. Determine j(-3).
27
Let h(x) = x**3 + 5*x**2 - 3*x - 1. Give h(-4).
27
Let q(s) = -8*s**3 - 3*s**2 + 2*s + 4. Calculate q(-2).
52
Let m(c) = c**3 + 8*c**2 + 23*c + 111. Calculate m(-7).
-1
Let t(z) = z**2 - z + 1. Determine t(3).
7
Let k(o) = 26*o + 268. Determine k(-10).
8
Let w(x) = 6*x + 1. Calculate w(3).
19
Let i(o) = o**2 + 18*o + 21. Calculate i(-15).
-24
Let g(b) = b - 16. Calculate g(9).
-7
Let z(j) = -2*j + 57. Calculate z(-12).
81
Let x(t) = -3*t - 27. Give x(-9).
0
Let u(f) = -f**3 - 6*f**2 + f + 14. What is u(-6)?
8
Let g(k) = -k**3 + 11*k**2 + 2*k - 7. Give g(10).
113
Let r(t) = t**3 - 7*t**2 + 4*t + 7. Give r(5).
-23
Let x(n) = -12*n**2 + n - 4. Determine x(2).
-50
Let y(v) = -29*v + 231. Calculate y(8).
-1
Let h(a) = -32*a**2 + a + 8. Calculate h(0).
8
Let r(a) = 4*a + 14. Give r(-9).
-22
Let p(n) = -7*n + 1. What is p(2)?
-13
Let s(m) = 11*m**3 - m**2 + m - 1. Calculate s(1).
10
Let b(x) = -x**2 - 7*x - 3. Calculate b(-7).
-3
Let p(m) = 2*m**2 + 4*m - 19. Determine p(3).
11
Let j(g) = -3*g + 16. Determine j(7).
-5
Let l(m) = -m**3 - m**2 + m - 3. Determine l(-2).
-1
Let a(t) = t**2 + 13*t + 9. Determine a(-12).
-3
Let c(d) = -d**3 + 7*d**2 - 3*d - 18. Give c(6).
0
Let k(l) = l**3 + 8*l**2 - 9*l. Calculate k(-9).
0
Let i(j) = 3*j**2 - 64*j - 12. What is i(21)?
-33
Let f(x) = -x - 18. Determine f(-5).
-13
Let c(n) = n**2 + 29*n + 126. What is c(-23)?
-12
Let j(w) = w**3 - 4*w**2 - 12*w. Determine j(6).
0
Let s(k) = -k - 5. Give s(-13).
8
Let x(m) = -m**2 - 7*m - 13. Give x(-2).
-3
Let k(c) = 17*c + 18. Determine k(-3).
-33
Let z(r) = -15*r**3 + r**2 - r - 1. Determine z(-1).
16
Let c(d) = -3*d + 40. Calculate c(18).
-14
Let w(y) = 9*y - 58. Give w(-2).
-76
Let o(t) = t**2 - 24. Determine o(0).
-24
Let u(t) = t**3 + 7*t**2 - 10*t + 1. Determine u(-8).
17
Let r(n) = n**3 - 9*n**2 + n + 7. Determine r(6).
-95
Let w(z) = 7*z + 14. Calculate w(4).
42
Let n(v) = 11*v - 71. Give n(10).
39
Let v(z) = -z**3 - 2*z**2 + 5*z + 4. Calculate v(-3).
-2
Let z(m) = -m**3 - 2*m**2 + 28*m - 8. Determine z(5).
-43
Let y(s) = -s**3 - 10*s**2 + 7*s - 50. What is y(-11)?
-6
Let a(p) = p**2 - 1. Calculate a(-2).
3
Let d(z) = z**2 - 11*z + 9. What is d(9)?
-9
Let g(o) = -4*o**3 + 6*o**2 + 5*o + 1. Give g(-3).
148
Let a(r) = 2*r**3 + 17*r**2 - 30*r - 3. Calculate a(-10).
-3
Let m(r) = r**3 - 11*r**2 + 15*r - 10. What is m(10)?
40
Let o(r) = 20*r - 267. Give o(14).
13
Let r(g) = 4*g - 15. Determine r(14).
41
Let v(y) = y**3 - 16*y**2 - 17*y + 9. Determine v(17).
9
Let z(u) = 4*u**2 + 21*u - 9. Give z(-6).
9
Let d(b) = -b + 6. What is d(-15)?
21
Let w(m) = -m**3 - 23*m**2 - 21*m + 35. Calculate w(-22).
13
Let y(a) = a**3 + 8*a**2 - 2*a + 22. What is y(-9)?
-41
Let p(r) = -r**2 + 15*r - 21. Determine p(10).
29
Let i(c) = c**3 + 3*c**2 - c + 6. Determine i(-3).
9
Let r(c) = -c - 33. Give r(18).
-51
Let j(t) = 10*t - 287. Give j(29).
3
Let m(c) = c**3 - 22*c**2 - 25*c + 28. Determine m(23).
-18
Let m(d) = -d**2 - 8*d + 5. Determine m(-6).
17
Let a(z) = 19*z**2 - 2*z + 1. Determine a(1).
18
Let q(a) = -a**2 - 21*a - 6. Calculate q(-21).
-6
Let z(d) = -d - 2. Give z(-5).
3
Let k(s) = -99*s**2 + 2*s - 1. Give k(1).
-98
Let h(d) = d + 7. Calculate h(-9).
-2
Let h(g) = -12*g**2 + 2*g - 3. Calculate h(2).
-47
Let d(p) = -p**2 + 19*p - 48. Determine d(15).
12
Let q(u) = -u**3 + 6*u**2 - 6*u + 1. What is q(4)?
9
Let z(i) = -i**3 + i - 24. Determine z(0).
-24
Let o(w) = -w**3 - 11*w**2 - 3*w - 6. What is o(-11)?
27
Let t(c) = -3*c**2 + c + 6. Calculate t(2).
-4
Let g(f) = -24*f - 59. Determine g(6).
-203
Let r(m) = m**2 - 27*m + 141. Determine r(14).
-41
Let v(g) = -9*g + 192. Calculate v(21).
3
Let h(j) = 3*j**3 + 2*j - 1. What is h(1)?
4
Let p(c) = c**3 + 20*c**2 - 22*c - 27. Determine p(-21).
-6
Let d(p) = p**2 + 5*p + 10. Calculate d(-3).
4
Let r(z) = -z**2 - 33*z - 171. What is r(-7)?
11
Let l(b) = -b**2 - 41*b + 226. Determine l(-46).
-4
Let w(d) = 3*d**3 - 2*d**2 - 3. Give w(3).
60
Let f(x) = -3*x**2 - 38*x - 82. Give f(-10).
-2
Let g(k) = 13*k + 50. Determine g(7).
141
Let u(h) = -h**3 + 4*h**2 + 79*h - 36. Determine u(11).
-14
Let f(q) = -46*q**3 + 1. Determine f(-1).
47
Let l(y) = -3*y**3 - 4*y**2 - 3*y + 7. What is l(1)?
-3
Let j(k) = 3*k**2 - 11*k - 1. What is j(7)?
69
Let z(t) = -t**2 + 9*t - 12. Calculate z(7).
2
Let t(k) = -k**3 + k**2 + 3*k. Calculate t(3).
-9
Let g(p) = -p**2 + p + 19. Calculate g(0).
19
Let c(r) = -r**2 + 18*r - 5. What is c(17)?
12
Let c(a) = 2*a + 20. Determine c(-17).
-14
Let g(m) = -3*m - 19. Determine g(27).
-100
Let x(j) = j**2 + 13*j + 4. Give x(-9).
-32
Let a(h) = -h**2 + 19*h + 26. Give a(20).
6
Let b(p) = 3*p**2 + 6*p + 8. Determine b(-4).
32
Let r(o) = 15*o - 37. Calculate r(-9).
-172
Let a(b) = 12*b + 23. Determine a(-5).
-37
Let b(o) = o**2 - 5*o + 6. What is b(4)?
2
Let r(m) = m**2 + 5*m - 17. Determine r(-8).
7
Let s(c) = -4*c + 6. Give s(8).
-26
Let d(t) = -4*t**3 - 4*t**2 + 5*t - 1. Give d(-2).
5
Let z(s) = 19*s**2 - 2*s + 3. Calculate z(1).
20
Let p(j) = -9*j - 3. What is p(-3)?
24
Let d(v) = -v**3 + 7*v**2 - 5*v - 14. Give d(6).
-8
Let j(o) = -5*o + 28. Give j(7).
-7